and 486?
54
Calculate the greatest common factor of 368 and 4232.
184
What is the greatest common factor of 5715 and 27?
9
What is the greatest common divisor of 1020 and 12?
12
Calculate the highest common divisor of 363 and 165.
33
Calculate the highest common divisor of 98 and 245.
49
What is the highest common divisor of 1071 and 231?
21
What is the highest common factor of 5 and 235?
5
What is the greatest common divisor of 8 and 488?
8
Calculate the greatest common divisor of 304 and 437.
19
Calculate the highest common factor of 10 and 28555.
5
What is the highest common factor of 16 and 528?
16
What is the highest common factor of 24 and 204?
12
Calculate the greatest common divisor of 3840 and 15.
15
Calculate the highest common factor of 1920 and 30.
30
What is the greatest common divisor of 2550 and 70?
10
What is the highest common divisor of 297 and 671?
11
What is the highest common factor of 1284 and 72?
12
What is the highest common divisor of 75 and 50?
25
Calculate the highest common factor of 533 and 65.
13
What is the greatest common divisor of 2187 and 567?
81
What is the highest common factor of 108 and 135?
27
Calculate the greatest common divisor of 1420 and 16685.
355
Calculate the greatest common factor of 29 and 2117.
29
Calculate the highest common divisor of 12 and 612.
12
Calculate the greatest common factor of 3237 and 117.
39
What is the greatest common factor of 737 and 1072?
67
What is the highest common factor of 49 and 1701?
7
Calculate the highest common divisor of 266 and 126.
14
What is the greatest common divisor of 1352 and 8?
8
Calculate the highest common factor of 3177 and 18.
9
Calculate the highest common divisor of 110 and 176.
22
What is the highest common divisor of 198 and 330?
66
Calculate the greatest common divisor of 225 and 9.
9
What is the highest common factor of 30 and 21220?
10
Calculate the highest common factor of 1204 and 258.
86
Calculate the greatest common factor of 1023 and 99.
33
What is the highest common divisor of 8181 and 162?
81
Calculate the greatest common divisor of 594 and 18.
18
What is the greatest common divisor of 2240 and 30?
10
What is the greatest common divisor of 100 and 25?
25
What is the highest common divisor of 46 and 621?
23
What is the greatest common factor of 42 and 266?
14
Calculate the highest common divisor of 87 and 841.
29
What is the greatest common divisor of 100 and 16?
4
What is the greatest common factor of 212 and 8109?
53
Calculate the greatest common factor of 116 and 8642.
58
Calculate the highest common divisor of 50 and 6550.
50
What is the highest common factor of 122 and 671?
61
What is the highest common divisor of 29 and 2291?
29
What is the greatest common factor of 39 and 4875?
39
What is the highest common divisor of 520 and 4264?
104
Calculate the greatest common factor of 115 and 15.
5
Calculate the highest common divisor of 145 and 29.
29
What is the highest common factor of 93 and 26319?
93
Calculate the greatest common factor of 697 and 17.
17
What is the highest common factor of 17 and 799?
17
What is the highest common factor of 396 and 144?
36
What is the highest common factor of 50 and 250?
50
What is the highest common divisor of 410 and 110?
10
Calculate the highest common divisor of 2 and 729.
1
What is the greatest common factor of 81 and 36?
9
What is the highest common divisor of 2925 and 6175?
325
Calculate the greatest common factor of 1127 and 147.
49
What is the highest common divisor of 1102 and 2146?
58
What is the greatest common divisor of 375 and 2325?
75
What is the highest common factor of 14 and 104?
2
What is the greatest common factor of 8 and 68?
4
Calculate the greatest common factor of 7938 and 324.
162
Calculate the highest common divisor of 276 and 345.
69
What is the greatest common divisor of 14 and 2506?
14
What is the greatest common factor of 1210 and 100?
10
Calculate the highest common factor of 8214 and 1554.
222
What is the highest common factor of 180 and 135?
45
What is the highest common factor of 136 and 32?
8
Calculate the greatest common divisor of 7911 and 293.
293
What is the highest common factor of 3128 and 138?
46
What is the highest common factor of 140 and 294?
14
What is the greatest common divisor of 5976 and 9?
9
Calculate the greatest common divisor of 159 and 2438.
53
Calculate the greatest common factor of 11 and 297.
11
Calculate the highest common divisor of 243 and 27.
27
Calculate the highest common factor of 12 and 4062.
6
Calculate the greatest common factor of 1225 and 9450.
175
What is the greatest common divisor of 630 and 36?
18
What is the highest common factor of 96 and 104?
8
Calculate the greatest common factor of 11 and 33.
11
Calculate the highest common factor of 52 and 182.
26
What is the highest common divisor of 10 and 910?
10
Calculate the greatest common divisor of 90 and 13410.
90
Calculate the greatest common factor of 2842 and 882.
98
What is the greatest common divisor of 1200 and 6960?
240
Calculate the greatest common factor of 400 and 1680.
80
What is the greatest common divisor of 11 and 1507?
11
What is the greatest common factor of 2760 and 207?
69
What is the highest common factor of 1800 and 7425?
225
Calculate the highest common factor of 900 and 1044.
36
Calculate the greatest common divisor of 35 and 2485.
35
What is the highest common divisor of 60 and 815?
5
What is the greatest common factor of 95 and 1355?
5
What is the highest common divisor of 4320 and 160?
160
Calculate the greatest common factor of 5 and 1165.
5
Calculate the greatest common factor of 1672 and 242.
22
What is the greatest common factor of 18 and 846?
18
Calculate the greatest common divisor of 51 and 3111.
51
What is the highest common divisor of 14 and 378?
14
What is the greatest common factor of 20 and 500?
20
What is the greatest common divisor of 890 and 10?
10
What is the greatest common factor of 217 and 1288?
7
Calculate the highest common factor of 406 and 1711.
29
What is the highest common divisor of 261 and 15225?
87
Calculate the highest common divisor of 66 and 2728.
22
What is the highest common divisor of 21 and 161?
7
What is the highest common factor of 1932 and 92?
92
Calculate the highest common factor of 325 and 25.
25
What is the highest common divisor of 3286 and 93?
31
What is the highest common factor of 3240 and 96?
24
What is the highest common divisor of 105 and 45?
15
Calculate the greatest common divisor of 13 and 26546.
13
Calculate the greatest common divisor of 1385 and 10.
5
What is the highest common divisor of 39 and 183?
3
Calculate the highest common divisor of 1387 and 73.
73
Calculate the highest common divisor of 3 and 51.
3
What is the highest common divisor of 46 and 3473?
23
Calculate the greatest common factor of 1100 and 132.
44
What is the greatest common factor of 2620 and 20?
20
What is the highest common factor of 3048 and 16?
8
Calculate the highest common factor of 1629 and 90.
9
What is the greatest common factor of 28 and 2492?
28
What is the greatest common divisor of 23784 and 12?
12
What is the greatest common divisor of 475 and 2945?
95
What is the highest common divisor of 3 and 1944?
3
Calculate the highest common divisor of 216 and 376.
8
What is the greatest common factor of 3783 and 39?
39
Calculate the greatest common divisor of 22625 and 181.
181
Calculate the greatest common factor of 1843 and 873.
97
What is the highest common factor of 1260 and 90?
90
Calculate the greatest common factor of 3447 and 9.
9
Calculate the highest common factor of 205 and 8856.
41
Calculate the highest common divisor of 319 and 29.
29
What is the highest common divisor of 4504 and 24?
8
Calculate the highest common divisor of 894 and 6.
6
Calculate the greatest common factor of 1102 and 76.
38
What is the highest common divisor of 4252 and 4?
4
Calculate the greatest common factor of 5152 and 23.
23
Calculate the highest common divisor of 47 and 188.
47
Calculate the greatest common factor of 20 and 4.
4
What is the highest common factor of 4488 and 48?
24
What is the highest common factor of 200 and 14840?
40
What is the greatest common factor of 147 and 11711?
49
What is the highest common divisor of 25912